ded by 99?
63
What is the remainder when 1525 is divided by 46?
7
What is the remainder when 278306 is divided by 69559?
70
Calculate the remainder when 7334 is divided by 2330.
344
What is the remainder when 8120 is divided by 742?
700
Calculate the remainder when 20706 is divided by 86.
66
Calculate the remainder when 80590 is divided by 80583.
7
What is the remainder when 2459 is divided by 105?
44
Calculate the remainder when 1298 is divided by 263.
246
What is the remainder when 7470 is divided by 323?
41
Calculate the remainder when 3000507 is divided by 101.
100
What is the remainder when 4760 is divided by 1306?
842
What is the remainder when 226341 is divided by 2039?
12
Calculate the remainder when 99642 is divided by 5.
2
What is the remainder when 9157 is divided by 77?
71
Calculate the remainder when 17821 is divided by 32.
29
What is the remainder when 49042 is divided by 244?
242
What is the remainder when 52844 is divided by 6?
2
Calculate the remainder when 399847 is divided by 26652.
67
Calculate the remainder when 67036 is divided by 33511.
14
What is the remainder when 119404 is divided by 891?
10
Calculate the remainder when 19353 is divided by 155.
133
What is the remainder when 50070 is divided by 50056?
14
Calculate the remainder when 3617041 is divided by 143.
142
What is the remainder when 9811 is divided by 251?
22
What is the remainder when 192640 is divided by 640?
0
What is the remainder when 4606 is divided by 310?
266
What is the remainder when 592 is divided by 163?
103
What is the remainder when 11139 is divided by 4?
3
Calculate the remainder when 3299 is divided by 15.
14
Calculate the remainder when 42293 is divided by 8.
5
Calculate the remainder when 249 is divided by 137.
112
What is the remainder when 68598 is divided by 14?
12
What is the remainder when 113329 is divided by 58?
55
What is the remainder when 33808 is divided by 247?
216
Calculate the remainder when 194188 is divided by 194187.
1
Calculate the remainder when 39642 is divided by 24.
18
What is the remainder when 1113804 is divided by 417?
414
Calculate the remainder when 88268 is divided by 175.
68
What is the remainder when 4599 is divided by 20?
19
What is the remainder when 14105 is divided by 140?
105
Calculate the remainder when 19978 is divided by 97.
93
What is the remainder when 39325 is divided by 163?
42
Calculate the remainder when 38460 is divided by 19228.
4
What is the remainder when 30103 is divided by 568?
567
Calculate the remainder when 4288498 is divided by 1109.
1104
Calculate the remainder when 7789 is divided by 15.
4
What is the remainder when 881 is divided by 49?
48
What is the remainder when 167634 is divided by 2361?
3
Calculate the remainder when 4413 is divided by 51.
27
Calculate the remainder when 343 is divided by 130.
83
What is the remainder when 34688 is divided by 45?
38
What is the remainder when 132297 is divided by 192?
9
What is the remainder when 7244 is divided by 33?
17
Calculate the remainder when 26369 is divided by 13.
5
Calculate the remainder when 48601 is divided by 20.
1
Calculate the remainder when 32537 is divided by 985.
32
What is the remainder when 56890 is divided by 9450?
190
What is the remainder when 121002 is divided by 40306?
84
What is the remainder when 6828 is divided by 881?
661
Calculate the remainder when 1091569 is divided by 39.
37
Calculate the remainder when 175916 is divided by 1230.
26
What is the remainder when 129796 is divided by 64886?
24
What is the remainder when 90261 is divided by 300?
261
Calculate the remainder when 19947537 is divided by 60.
57
What is the remainder when 40202 is divided by 8025?
77
Calculate the remainder when 1995 is divided by 630.
105
What is the remainder when 363859 is divided by 64?
19
What is the remainder when 559823 is divided by 1712?
1711
Calculate the remainder when 3280798 is divided by 1640397.
4
Calculate the remainder when 4210 is divided by 330.
250
What is the remainder when 1548 is divided by 646?
256
Calculate the remainder when 9205 is divided by 3011.
172
What is the remainder when 8405 is divided by 8385?
20
Calculate the remainder when 11281 is divided by 415.
76
Calculate the remainder when 77590 is divided by 5967.
19
What is the remainder when 62591 is divided by 554?
543
What is the remainder when 7435063 is divided by 28?
27
What is the remainder when 15955 is divided by 192?
19
Calculate the remainder when 190 is divided by 101.
89
What is the remainder when 6302 is divided by 1553?
90
Calculate the remainder when 20704 is divided by 177.
172
What is the remainder when 11222 is divided by 28?
22
Calculate the remainder when 475053 is divided by 883.
882
What is the remainder when 6646 is divided by 14?
10
What is the remainder when 76229 is divided by 25398?
35
What is the remainder when 20951 is divided by 57?
32
What is the remainder when 16051 is divided by 282?
259
What is the remainder when 43029 is divided by 274?
11
Calculate the remainder when 14115 is divided by 328.
11
Calculate the remainder when 6193 is divided by 689.
681
Calculate the remainder when 2237 is divided by 1063.
111
Calculate the remainder when 3815 is divided by 375.
65
What is the remainder when 80384 is divided by 72?
32
What is the remainder when 184897 is divided by 215?
212
What is the remainder when 34007 is divided by 358?
355
What is the remainder when 400 is divided by 34?
26
What is the remainder when 57238 is divided by 108?
106
Calculate the remainder when 496 is divided by 195.
106
What is the remainder when 2782 is divided by 115?
22
Calculate the remainder when 4605215 is divided by 356.
355
Calculate the remainder when 132549 is divided by 584.
565
Calculate the remainder when 4455757 is divided by 158.
157
Calculate the remainder when 481125 is divided by 43.
41
Calculate the remainder when 86456 is divided by 786.
782
What is the remainder when 13686 is divided by 1214?
332
What is the remainder when 60141 is divided by 73?
62
Calculate the remainder when 80272 is divided by 11467.
3
What is the remainder when 56260 is divided by 7028?
36
What is the remainder when 9038 is divided by 66?
62
Calculate the remainder when 5744 is divided by 413.
375
What is the remainder when 27959 is divided by 422?
107
Calculate the remainder when 2313 is divided by 645.
378
Calculate the remainder when 60796 is divided by 30385.
26
Calculate the remainder when 790432 is divided by 42.
34
What is the remainder when 13418 is divided by 6693?
32
Calculate the remainder when 14589 is divided by 1121.
16
What is the remainder when 149987 is divided by 149976?
11
What is the remainder when 396263 is divided by 264?
263
What is the remainder when 16947 is divided by 98?
91
Calculate the remainder when 518600 is divided by 129645.
20
Calculate the remainder when 569129 is divided by 125.
4
Calculate the remainder when 8997 is divided by 4418.
161
What is the remainder when 2210 is divided by 27?
23
What is the remainder when 234512 is divided by 606?
596
What is the remainder when 27532 is divided by 56?
36
What is the remainder when 658139 is divided by 262?
257
Calculate the remainder when 46857 is divided by 31.
16
Calculate the remainder when 403 is divided by 122.
37
What is the remainder when 6568 is divided by 105?
58
Calculate the remainder when 18449 is divided by 342.
323
Calculate the remainder when 148 is divided by 13.
5
What is the remainder when 5281 is divided by 171?
151
What is the remainder when 2607 is divided by 114?
99
What is the remainder when 3876 is divided by 218?
170
Calculate the remainder when 2190 is divided by 280.
230
Calculate the remainder when 279883 is divided by 67.
24
Calculate the remainder when 219731 is divided by 820.
791
Calculate the remainder when 1122014 is divided by 13.
10
Calculate the remainder when 25518 is divided by 87.
27
What is the remainder when 2265 is divided by 747?
24
Calculate the remainder when 7944 is divided by 283.
20
Calculate the remainder when 7166 is divided by 6839.
327
What is the remainder when 345238 is divided by 36?
34
Calculate the remainder when 311 is divided by 46.
35
What is the remainder when 1848 is divided by 859?
130
Calculate the remainder when 955 